




{"id":296,"date":"2020-03-06T14:13:48","date_gmt":"2020-03-06T13:13:48","guid":{"rendered":"https:\/\/geo.compiegnois.fr\/portail\/?page_id=296"},"modified":"2024-10-04T10:29:58","modified_gmt":"2024-10-04T08:29:58","slug":"presentation","status":"publish","type":"page","link":"https:\/\/geo.compiegnois.fr\/portail\/index.php\/presentation\/","title":{"rendered":"Pr\u00e9sentation"},"content":{"rendered":"\n<h2 class=\"wp-block-heading\">Bienvenue sur le portail G\u00e9oCompi\u00e9gnois !<\/h2>\n\n\n\n<p>Le site G\u00e9oCompi\u00e9gnois est un syst\u00e8me d&rsquo;information territorial qui rassemble des donn\u00e9es produites localement par les territoires et leurs partenaires.<\/p>\n\n\n\n<p>Issu d&rsquo;un dispositif mutualis\u00e9 entre plusieurs collectivit\u00e9s locales du compi\u00e9gnois, il organise, capitalise, valorise et confronte ces donn\u00e9es pour fournir une aide aux acteurs, d\u00e9cideurs, habitants et visiteurs afin de mieux appr\u00e9hender les territoires. <\/p>\n\n\n\n<figure class=\"wp-block-image size-large\"><img loading=\"lazy\" decoding=\"async\" width=\"1024\" height=\"450\" src=\"https:\/\/geo.compiegnois.fr\/portail\/wp-content\/uploads\/2020\/07\/rawpixel-com-211022_bzzt_horizontale-e1595247131389.jpg\" alt=\"\" class=\"wp-image-3541\" srcset=\"https:\/\/geo.compiegnois.fr\/portail\/wp-content\/uploads\/2020\/07\/rawpixel-com-211022_bzzt_horizontale-e1595247131389.jpg 1024w, https:\/\/geo.compiegnois.fr\/portail\/wp-content\/uploads\/2020\/07\/rawpixel-com-211022_bzzt_horizontale-e1595247131389-300x132.jpg 300w, https:\/\/geo.compiegnois.fr\/portail\/wp-content\/uploads\/2020\/07\/rawpixel-com-211022_bzzt_horizontale-e1595247131389-768x338.jpg 768w\" sizes=\"auto, (max-width: 1024px) 100vw, 1024px\" \/><\/figure>\n\n\n\n<h2 class=\"wp-block-heading\">Un dispositif au service de l&rsquo;ouverture et du partage de l\u2019information territoriale<\/h2>\n\n\n\n<p>V\u00e9ritable plateforme en ligne de cartographie, le portail G\u00e9oCompi\u00e9gnois offre un acc\u00e8s aux donn\u00e9es et \u00e0 l\u2019information g\u00e9ographique produite sur les territoires. Ainsi, il est possible de :<\/p>\n\n\n\n<ul class=\"ul { font-size: 16px; } wp-block-list\"><li><strong>d\u00e9couvrir, consulter et visualiser les donn\u00e9es sous forme cartographique<\/strong>&nbsp;gr\u00e2ce \u00e0 une carte interactive ou une s\u00e9rie d\u2019applications th\u00e9matiques. Con\u00e7u pour le plus grand nombre, il offre des niveaux d\u2019acc\u00e8s adapt\u00e9s aux besoins de chacun, professionnel ou simple curieux.<\/li><li><strong>partager la connaissance :<\/strong>&nbsp;vous pouvez t\u00e9l\u00e9charger une grande vari\u00e9t\u00e9 de ressources num\u00e9riques, qu\u2019elles soient g\u00e9ographiques, alphanum\u00e9riques ou documentaires.<br>Ces donn\u00e9es ouvertes (Opendata) sont disponibles directement \u00e0 partir des diff\u00e9rents services propos\u00e9s (cartes, donn\u00e9es ou applications). Le partage et les \u00e9changes d\u2019informations sont ainsi fluidifi\u00e9s.<\/li><\/ul>\n\n\n\n<p>Le site G\u00e9oCompi\u00e9gnois est aussi un <strong>outil de travail pour les professionnels<\/strong>, \u00e9lus, agents et prestataires des collectivit\u00e9s. Selon les besoins de chacun, il leur permet de :<\/p>\n\n\n\n<ul class=\"ul { font-size: 16px; } wp-block-list\"><li><strong>enrichir la donn\u00e9e :<\/strong>&nbsp;plus qu\u2019un simple outil de consultation et de r\u00e9cup\u00e9ration de l\u2019information, la plateforme met \u00e0 disposition des agents des collectivit\u00e9s, des applications cartographiques permettant de saisir de nouvelles donn\u00e9es et de compl\u00e9ter la banque de donn\u00e9es territoriales existante.<\/li><li><strong>mieux g\u00e9rer l\u2019am\u00e9nagement du territoire et les ressources :<\/strong>&nbsp;gr\u00e2ce \u00e0 la mise en ligne de cartes et d\u2019applications sur des th\u00e9matiques vari\u00e9es, il facilite le travail des professionnels en proposant un outil d\u2019\u00e9changes, de travail, de concertation et d\u2019aide \u00e0 la d\u00e9cision commun sur les probl\u00e9matiques auxquelles ils sont confront\u00e9s.<\/li><\/ul>\n\n\n\n<h2 class=\"wp-block-heading\">Une d\u00e9marche collective<\/h2>\n\n\n\n<p>D\u00e9velopp\u00e9 initialement depuis 2006 par l&rsquo;Agglom\u00e9ration de la R\u00e9gion de Compi\u00e9gne (ARC), ce Syst\u00e8me d&rsquo;Information G\u00e9ographique (SIG) avait pour origine la d\u00e9mat\u00e9rialisation du cadastre et celle des documents d&rsquo;urbanisme. L&rsquo;objectif poursuivi \u00e9tait de doter la collectivit\u00e9 d\u2019une <strong>information consolid\u00e9e<\/strong> et accessible dans un <strong>outil f\u00e9d\u00e9rateur<\/strong>.<\/p>\n\n\n\n<p>Depuis, la Communaut\u00e9 de Communes de la Basse Automne (CCBA) en 2012 (avec laquelle l&rsquo;ARC a fusionn\u00e9 en 2017), la ville de Compi\u00e8gne en 2014, les Communaut\u00e9s de Communes des Lisi\u00e8res de l&rsquo;Oise (CCLO) et de la Plaine d&rsquo;Estr\u00e9es (CCPE) en 2015 et la Communaut\u00e9 de Communes des Deux Vall\u00e9es (CC2V) en 2022 ont rejoint la dynamique de cette d\u00e9marche structurante pour la connaissance des territoires.<\/p>\n\n\n\n<p>Ainsi, le dispositif \u00e9volue en permanence en r\u00e9ponse aux demandes croissantes des techniciens, des collectivit\u00e9s, des bureaux d\u2019\u00e9tudes et des citoyens d\u2019avoir acc\u00e8s \u00e0 la connaissance du territoire.<br>Engag\u00e9e de fa\u00e7on souple et agile, la d\u00e9marche contribue \u00e0 mettre \u00e0 disposition des donn\u00e9es sur des th\u00e9matiques toujours plus nombreuses et \u00e0 accro\u00eetre encore la facilit\u00e9 des \u00e9changes et le traitement de l\u2019information.<\/p>\n\n\n\n<p>Cette d\u00e9marche mutualis\u00e9e se poursuit ainsi pour accompagner la digitalisation des m\u00e9tiers des collectivit\u00e9s locales et les r\u00e9glementations d&rsquo;ouverture des donn\u00e9es publiques (Opendata) .<\/p>\n\n\n\n<p style=\"font-size:12px\">L&rsquo;\u00e9quipe du Service Information G\u00e9ographique.<\/p>\n","protected":false},"excerpt":{"rendered":"<p>Bienvenue sur le portail G\u00e9oCompi\u00e9gnois ! Le site G\u00e9oCompi\u00e9gnois est un syst\u00e8me d&rsquo;information territorial qui rassemble des donn\u00e9es produites localement par les territoires et leurs partenaires. Issu d&rsquo;un dispositif mutualis\u00e9&#8230;<\/p>\n","protected":false},"author":2,"featured_media":0,"parent":0,"menu_order":0,"comment_status":"closed","ping_status":"closed","template":"page-sidebar.php","meta":{"footnotes":""},"class_list":["post-296","page","type-page","status-publish","hentry"],"_links":{"self":[{"href":"https:\/\/geo.compiegnois.fr\/portail\/index.php\/wp-json\/wp\/v2\/pages\/296","targetHints":{"allow":["GET"]}}],"collection":[{"href":"https:\/\/geo.compiegnois.fr\/portail\/index.php\/wp-json\/wp\/v2\/pages"}],"about":[{"href":"https:\/\/geo.compiegnois.fr\/portail\/index.php\/wp-json\/wp\/v2\/types\/page"}],"author":[{"embeddable":true,"href":"https:\/\/geo.compiegnois.fr\/portail\/index.php\/wp-json\/wp\/v2\/users\/2"}],"replies":[{"embeddable":true,"href":"https:\/\/geo.compiegnois.fr\/portail\/index.php\/wp-json\/wp\/v2\/comments?post=296"}],"version-history":[{"count":1,"href":"https:\/\/geo.compiegnois.fr\/portail\/index.php\/wp-json\/wp\/v2\/pages\/296\/revisions"}],"predecessor-version":[{"id":4419,"href":"https:\/\/geo.compiegnois.fr\/portail\/index.php\/wp-json\/wp\/v2\/pages\/296\/revisions\/4419"}],"wp:attachment":[{"href":"https:\/\/geo.compiegnois.fr\/portail\/index.php\/wp-json\/wp\/v2\/media?parent=296"}],"curies":[{"name":"wp","href":"https:\/\/api.w.org\/{rel}","templated":true}]}}